 - 7. Suppose 0 = -0*r + 5*r - 120. Let g = r + h. List the prime factors of g.
3, 5
Suppose 5*n - 25 = -k, 2*k + 3*n - 14 = 2*n. Suppose -q + 45 = 5*l, 3*l - q - 7 = 28. What are the prime factors of 94/l + (-2)/k?
3
Let d(l) = l**3 - 8*l**2 + 3*l - 5. What are the prime factors of d(8)?
19
Let o(h) = h**2 - h - 2. What are the prime factors of o(-4)?
2, 3
Suppose -152 = -4*a - 4*s, 2*s = 4*a + 4*s - 142. What are the prime factors of a?
3, 11
Suppose 0 = -h + 4*h - 6. Suppose -5*j - i + 25 = 3*i, 10 = 2*j + h*i. Suppose 0 = -5*r + k + 52, k + 19 = -3*r + j*r. What are the prime factors of r?
11
Suppose -8*l = -l - 539. List the prime factors of l.
7, 11
Let k = -13 + 21. Suppose y - 2*y = -k. What are the prime factors of y?
2
Suppose 3*f - 273 = -2*q, -4*q + 543 = 5*f + 90. What are the prime factors of f?
3, 31
Suppose -5*u - 661 = 79. What are the prime factors of 1/5 + u/(-10)?
3, 5
Let l be (-3)/(-15)*-2*-5. Suppose r + r - l = 0. What are the prime factors of (r*-1)/(1/(-5))?
5
Suppose -5*b + 5*n + 111 = -334, b - 2*n = 84. List the prime factors of b.
2, 47
Suppose 0 = a, -2*x - 2*a - 5 = -13. Let h = -3 + x. What are the prime factors of 2*(h - 6/(-4))?
5
Suppose 372 = 5*i - 468. List the prime factors of i.
2, 3, 7
Suppose -7 = 2*f - 21. What are the prime factors of f?
7
Suppose -r + 56 + 10 = 0. What are the prime factors of r?
2, 3, 11
Let o(g) be the second derivative of g**3/6 - 4*g**2 - 4*g. Let w be o(11). Suppose 3*m + 66 = 5*n - 34, -83 = -4*n + w*m. List the prime factors of n.
17
Let i = -6 - -11. Let x be ((-1)/3)/(i/(-45)). Suppose -30 = -x*m - 0*m. List the prime factors of m.
2, 5
Suppose -g + 51 = 2*g. Suppose -5*h = -2*y + g, 4 = 2*h - 2. What are the prime factors of y?
2
Let z(w) = -w**2 + w + 2. Let q be z(3). Let b = q - -6. List the prime factors of b.
2
Let u(a) = -2*a**2 - 1. Let t be u(1). Let x = t + 7. What are the prime factors of x?
2
Let t = 5 + -5. Suppose t = -2*p - 5*n - 16, -3*p - 2*n + 2 - 4 = 0. List the prime factors of p.
2
Suppose t - 3*t = 2*d - 56, 0 = 5*t - 5*d - 190. List the prime factors of t.
3, 11
Let p(b) be the second derivative of b + 0 - 1/6*b**3 + 1/2*b**2. List the prime factors of p(-5).
2, 3
Suppose -2*d + 0*t - 3*t = 3, 5*d + 2*t + 2 = 0. Suppose d = 3*n - 6. What are the prime factors of n?
2
Let x(y) = y. Let u be x(-3). Let a(c) = c + 2. Let o be a(u). List the prime factors of 10 + (0 - o) + 1.
2, 3
Let h(m) be the first derivative of 3 - 5/2*m**2 - m. List the prime factors of h(-1).
2
Let s(h) = -6*h**2 + 2 + 5*h**2 + 1 + 0*h**2 + 4*h - h**3. Let v = 5 + -8. List the prime factors of s(v).
3
Suppose -5 - 5 = -2*h. Suppose h*a + 2*t = 115, 2*a - 4*a + 70 = -4*t. List the prime factors of a.
5
Suppose 3*b = -x - b + 108, 4*x = 3*b + 356. List the prime factors of x.
2, 23
Let c = 5 - 17. Let u(j) = -j + 5. What are the prime factors of u(c)?
17
Let t(m) = -m**3 - 2*m**2 - m - 4. What are the prime factors of t(-3)?
2
Suppose 3*z - 4*z + 1 = 0. Let o(m) = 30*m**3 - 2*m**2 + 2*m - 1. What are the prime factors of o(z)?
29
List the prime factors of 26*1*(-2 - -4).
2, 13
Let d(a) = -a**3 + 9*a**2 - 4*a + 4. What are the prime factors of d(6)?
2, 11
Suppose -2*g = -8*g - 18. What are the prime factors of (-6 + 2 - g)*-27?
3
List the prime factors of 3*10 - (-14)/(-7).
2, 7
Let i(j) = -5 - j**2 - 4 + 0*j**2 - 12*j. What are the prime factors of i(-10)?
11
Let v(y) = 31*y**3 + 2*y**2 + 2*y - 3. What are the prime factors of v(1)?
2
Let c = 8 - 13. Let w(q) = -q**2 - 5*q - 4. Let p be w(c). What are the prime factors of p/(-6)*24/2?
2
Let g be 210/13 - (-8)/(-52). Let j = g - -39. What are the prime factors of j?
5, 11
Let d be (-2)/(1 - (0 + -1)). Let c be 3*4*4/6. What are the prime factors of c*(d/2 + 1)?
2
Let x(h) = -h**3 + 8*h**2 + 12*h - 10. Let b be (-4)/(-6) + 125/15. List the prime factors of x(b).
17
Suppose 0 = 5*v - 47 - 23. Let l = -6 + v. What are the prime factors of l?
2
What are the prime factors of -4 - (-6 - (-2)/(-1))?
2
Suppose 4*u + 2*i = 50, -4*u + 49 = -2*i + 3*i. What are the prime factors of u?
2, 3
Let n(p) = p**2 + 8*p + 5. What are the prime factors of n(-9)?
2, 7
Let g(y) be the third derivative of y**6/120 - y**5/15 + y**3/2 + 3*y**2. Let a be g(4). Suppose -3*i + a + 15 = 0. What are the prime factors of i?
2, 3
Let m be (-20)/50*(-10)/4. List the prime factors of (-2 + 3)*(3 + m).
2
Let u(g) = g**2 + 2*g - 4. Let t be u(-3). List the prime factors of (80 - t)/3 - -1.
2, 7
Suppose 0 = -5*g + 4*p + 707, 2*g + p - 336 = -48. What are the prime factors of g?
11, 13
Suppose -463 = -5*k - w, 0 = -2*k - w + 207 - 23. What are the prime factors of k?
3, 31
Let z(f) = f**2 + 6*f - 3. Let w be z(-7). Let l = 1 + w. List the prime factors of l.
5
List the prime factors of ((-1666)/(-51))/((-1)/((-6)/4)).
7
Suppose -z = 7*u - 4*u + 1, 15 = -u - 4*z. List the prime factors of 26 + (-2 - -3)*u.
3
Let v(i) = i**2 + 9*i - 6*i - 5*i - 4. What are the prime factors of v(6)?
2, 5
Let c = -6 + 9. Suppose -84 = i - c*i. What are the prime factors of i?
2, 3, 7
Let p(l) = 3 + l + 7 + 3. List the prime factors of p(0).
13
Suppose 2*o = -o + 18. What are the prime factors of o?
2, 3
Suppose -2*b - 2*i - 199 = b, 4*b = 5*i - 250. Suppose -6*r + 51 + 39 = 0. What are the prime factors of (-5)/r*(b - -2)?
3, 7
Let v be (8/(-3) + 3)*-3. Let i(w) = -6*w**3 - 2*w - 1. List the prime factors of i(v).
7
Let s = 1 + 2. Suppose -5 = 4*r - j, 0 = -j + s*j - 10. Suppose g = 2*l + 9 + 3, r = 3*g + l - 57. List the prime factors of g.
2, 3
What are the prime factors of ((-2)/(-6))/((-12)/108) + 174?
3, 19
Let i(k) = 7*k**3 - 5*k**2 - 4*k + 13. Let x(q) = 6*q**3 - 4*q**2 - 4*q + 12. Let u(b) = 5*i(b) - 6*x(b). List the prime factors of u(-4).
5
Let v be (22 + 10)*(-2)/2. List the prime factors of (3/6)/((-2)/v).
2
Let j be (-18)/30 + 4/(-10). Let t(f) = -7*f + 1. Let a be t(j). Suppose 0 = -4*h + 5*i + 38, -2*h - a = -4*h - 3*i. What are the prime factors of h?
7
Let v(n) = -7*n + 0*n**2 + n**2 + n. Let j be v(6). List the prime factors of 1 - (j - 2 - 1).
2
Let m(a) be the first derivative of a**2 + 4*a + 4. What are the prime factors of m(13)?
2, 3, 5
Let j = 1 + 3. Suppose -3*m + 2*v + 127 = 0, j*m - v = 150 + 26. What are the prime factors of m?
3, 5
Let l = 217 + -307. What are the prime factors of (1/2)/((-3)/l)?
3, 5
Let u(m) = -m**3 - 4*m - 3. Suppose -5 = 5*a, -a + 9 = -5*q - 0*a. What are the prime factors of u(q)?
13
Let b = 55 + -28. What are the prime factors of b?
3
Let a = -18 - -15. Let s = 9 - 15. Let c = a - s. List the prime factors of c.
3
Let w(r) = r**3 - 7*r**2 + 8*r. Let s be w(6). Suppose g + s = 2*g. What are the prime factors of g?
2, 3
Suppose -4*o - c + 504 = 193, 10 = -2*c. List the prime factors of o.
79
Let h = -37 + 57. What are the prime factors of h?
2, 5
Suppose -5*f + 4*f + 42 = -3*a, -194 = -5*f - a. Suppose 33 + f = 3*v. Suppose 4*u + 4 = v. What are the prime factors of u?
5
Suppose 3*a - 46 + 2 = 2*n, 3*a = -3*n + 24. Suppose 33 = 3*m - a. List the prime factors of m.
3, 5
Let u = 117 + 32. List the prime factors of u.
149
Suppose 5*o + 4*b - 24 = 120, -5*b = 4*o - 117. List the prime factors of o.
2, 7
Suppose t = p + 3*p - 140, 132 = 4*p - 3*t. What are the prime factors of (-3)/(-6)*p/1?
2, 3
Suppose 2*y - 39 - 73 = -2*w, -w + 268 = 5*y. Let m = y - 37. What are the prime factors of m?
2
Let f be (92/1 + -4)/(-1). Let h(d) = -d**3 - 4*d**2 + 6*d + 1. Let r be h(-5). What are the prime factors of f/(-20) - r/(-10)?
2
Let h(g) = 2*g + 2. Let i be h(0). Suppose a = 17 + i. List the prime factors of a.
19
Let s(l) = l + 14. Let g be s(-8). Suppose -3*i - 4*c = -45, g = -i - c + 22. List the prime factors of i.
19
Suppose 0 = p - 0 - 4. Suppose 2*q + 1 - 65 = 0. Suppose -8 = p*v - q. List the prime factors of v.
2, 3
Suppose -15*x + 17*x - 10 = 0. Let c = -3 + x. What are the prime factors of c?
2
Let o be (-3 - 1/(-1)) + 2. Suppose u + 2*i = -3, 3*i + 9 = -o*i. Suppose z - u*l - 23 = -4, -3*z = 4*l - 18. What are the prime factors of z?
2, 5
Suppose 0 = -d - 5*p + 121, 3*d + 5*p - 236 - 177 = 0. List the prime factors of d.
2, 73
Suppose -3*r - 3*b + 27 = -312, 0 = b - 5. List the prime factors of r.
2, 3
Let u(d) = -4*d - 1. Let s = 3 + -7. 